0?
False
Does 903 divide 1200087?
True
Does 4 divide 54160?
True
Does 82 divide 8845844?
False
Is 541 a factor of 1043589?
True
Does 17 divide 1488112?
True
Does 4 divide 76656?
True
Does 49 divide 2065900?
False
Is 37 a factor of 1098151?
False
Does 143 divide 427141?
True
Is 7 a factor of 3621438?
False
Is 1159069 a multiple of 15?
False
Is 1231692 a multiple of 62?
True
Does 771 divide 3164600?
False
Does 19 divide 2442051?
True
Is 59 a factor of 149093?
True
Is 6427954 a multiple of 13?
True
Is 1423 a factor of 5253144?
False
Does 12 divide 2009748?
True
Is 41700 a multiple of 100?
True
Does 12 divide 799949?
False
Is 82943 a multiple of 287?
True
Does 17 divide 19897?
False
Is 15 a factor of 3080565?
True
Is 2 a factor of 17922?
True
Is 69174 a multiple of 289?
False
Is 162 a factor of 155088?
False
Does 21 divide 183619?
False
Is 115984 a multiple of 51?
False
Is 6950736 a multiple of 52?
True
Does 138 divide 9826428?
True
Is 163022 a multiple of 5?
False
Is 10185790 a multiple of 734?
False
Is 22345 a multiple of 6?
False
Is 28644 a multiple of 924?
True
Does 8 divide 3259840?
True
Is 775 a factor of 2091542?
False
Is 3 a factor of 9401?
False
Is 290400 a multiple of 75?
True
Does 55 divide 15785?
True
Is 592 a factor of 1557552?
True
Is 2 a factor of 488783?
False
Does 355 divide 863526?
False
Does 269 divide 2630282?
True
Is 2 a factor of 30903?
False
Does 105 divide 326340?
True
Does 53 divide 238235?
True
Does 481 divide 19979297?
True
Is 769500 a multiple of 225?
True
Is 13 a factor of 266?
False
Is 13081225 a multiple of 29?
False
Is 8204022 a multiple of 263?
True
Is 2007534 a multiple of 53?
True
Is 397 a factor of 88928?
True
Is 340 a factor of 423354?
False
Is 7507823 a multiple of 178?
False
Does 76 divide 278428?
False
Is 199574 a multiple of 329?
False
Is 2682268 a multiple of 34?
False
Is 43268 a multiple of 38?
False
Is 126 a factor of 785404?
False
Is 40194 a multiple of 58?
True
Does 465 divide 684015?
True
Does 699 divide 1906105?
False
Is 1237 a factor of 1702059?
False
Is 1020114 a multiple of 27?
True
Is 22 a factor of 244024?
True
Is 42 a factor of 131334?
True
Does 38 divide 61484?
True
Is 254961 a multiple of 385?
False
Does 4 divide 531244?
True
Is 20847437 a multiple of 300?
False
Is 8 a factor of 1941822?
False
Is 185373 a multiple of 9?
True
Does 7 divide 123634?
True
Is 94 a factor of 4136?
True
Does 163 divide 3907338?
False
Is 867510 a multiple of 42?
True
Is 2051237 a multiple of 76?
False
Is 6102153 a multiple of 17?
False
Is 4005 a multiple of 418?
False
Is 137612 a multiple of 110?
False
Is 110 a factor of 1680470?
True
Is 4917924 a multiple of 484?
True
Is 797371 a multiple of 1109?
True
Is 34 a factor of 871216?
True
Is 778790 a multiple of 235?
True
Is 56450 a multiple of 50?
True
Does 520 divide 3640520?
True
Is 165027 a multiple of 6?
False
Is 112 a factor of 612731?
False
Does 149 divide 823970?
True
Is 14 a factor of 6032703?
False
Is 88947 a multiple of 12?
False
Does 5 divide 625211?
False
Is 913 even?
False
Is 96660 a multiple of 30?
True
Does 128 divide 1338624?
True
Does 4 divide 66484?
True
Is 3 a factor of 1941?
True
Is 1797129 a multiple of 39?
False
Is 203275 a multiple of 173?
True
Does 44 divide 2029325?
False
Is 173561 a multiple of 15?
False
Does 23 divide 25392?
True
Is 265051 a multiple of 399?
False
Is 11214156 a multiple of 46?
True
Is 29978220 a multiple of 2841?
False
Is 235684 a multiple of 90?
False
Does 857 divide 7081302?
False
Is 8 a factor of 942470?
False
Is 9 a factor of 48209?
False
Is 624897 a multiple of 10?
False
Does 37 divide 1340917?
True
Is 2348043 a multiple of 176?
False
Does 432 divide 484704?
True
Is 1214360 a multiple of 141?
False
Is 199 a factor of 124211?
False
Is 8 a factor of 1102984?
True
Does 26 divide 2001038?
True
Is 168 a factor of 1732033?
False
Is 76 a factor of 40407?
False
Is 2074922 a multiple of 48?
False
Is 390840 a multiple of 15?
True
Is 13 a factor of 7201727?
True
Is 309 a factor of 200852?
False
Is 588 a factor of 33141?
False
Is 109 a factor of 7021017?
True
Is 397 a factor of 5359500?
True
Is 4 a factor of 2094627?
False
Is 3 a factor of 107338?
False
Does 316 divide 292300?
True
Does 39 divide 5115?
False
Does 433 divide 10272925?
True
Is 81 a factor of 250209?
True
Is 2221549 a multiple of 47?
True
Does 14 divide 388709?
False
Is 1876302 a multiple of 216?
False
Does 12 divide 1541301?
False
Does 60 divide 129000?
True
Does 232 divide 3279837?
False
Is 4028 a multiple of 34?
False
Does 6 divide 15048?
True
Does 451 divide 968297?
True
Is 109 a factor of 15635832?
True
Does 4 divide 70267?
False
Does 71 divide 91924?
False
Is 16 a factor of 746061?
False
Does 59 divide 60475?
True
Is 429688 a multiple of 14?
True
Is 62 a factor of 2556508?
True
Is 60 a factor of 11741820?
True
Is 984 a factor of 1328400?
True
Is 10955075 a multiple of 87?
False
Is 8913062 a multiple of 211?
True
Is 9 a factor of 19957?
False
Does 34 divide 21222256?
True
Is 5 a factor of 124493?
False
Is 5 a factor of 1310082?
False
Is 10 a factor of 93160?
True
Does 11 divide 955317?
True
Does 15 divide 6256704?
False
Is 16085 a multiple of 2?
False
Is 59 a factor of 8433963?
False
Is 236 a factor of 160480?
True
Is 13 a factor of 1556937?
False
Is 34339 a multiple of 15?
False
Is 1092300 a multiple of 75?
True
Is 16 a factor of 939440?
True
Is 255 a factor of 846884?
False
Does 16 divide 204629?
False
Does 157 divide 3304379?
True
Is 1977788 a multiple of 154?
False
Is 117 a factor of 240527?
False
Does 11 divide 1937111?
True
Does 38 divide 537130?
True
Is 70257 a multiple of 141?
False
Does 130 divide 2863524?
False
Is 80 a factor of 5191760?
True
Is 497850 a multiple of 16?
False
Is 205920 a multiple of 78?
True
Is 25 a factor of 1936069?
False
Does 1297 divide 9422290?
False
Is 3387955 a multiple of 527?
False
Is 15 a factor of 1090968?
False
Is 9152 a multiple of 17?
False
Is 303920 a multiple of 9?
False
Is 373 a factor of 10644838?
False
Is 291 a factor of 2800875?
True
Does 393 divide 4963197?
True
Is 7 a factor of 22949?
False
Is 101495 a multiple of 356?
False
Is 8792967 a multiple of 10?
False
Does 11 divide 32734?
False
Does 14 divide 8153740?
True
Is 1302 a factor of 5491899?
False
Is 63 a factor of 10458?
True
Is 396990 a multiple of 110?
True
Is 70 a factor of 240030?
True
Is 64 a factor of 214272?
True
Is 131 a factor of 24030378?
True
Is 569138 a multiple of 766?
True
Is 72 a factor of 41688?
True
Does 12 divide 446562?
False
Is 138739 a multiple of 416?
False
Does 2053 divide 29389045?
False
Does 48 divide 4958400?
True
Is 1738639 a multiple of 13?
False
Is 3103 even?
False
Does 8 divide 10560?
True
Is 3139444 a multiple of 77?
True
Does 1636 divide 2485084?
True
Does 3 divide 2102155?
False
Is 1206338 a multiple of 89?
False
Does 20 divide 569657?
False
Is 59 a factor of 84193?
True
Does 155 divide 254910?
False
Is 5039643 a multiple of 31?
False
Is 146009 a multiple of 3?
False
Is 6343093 a multiple of 12?
False
Is 45 a factor of 42385?
False
Is 463925 a multiple of 7?
True
Is 57 a factor of 1150410?
False
Is 12003041 a multiple of 30?
False
Is 10208838 a multiple of 366?
True
Does 34 divide 807414?
False
Is 86070 a multiple of 3?
True
Is 9 a factor of 129582?
True
Is 28 a factor of 548660?
True
Is 169052 a multiple of 44?
False
Is 2212351 a multiple of 239?
False
Is 487404 a multiple of 36?
True
Is 145229 a multiple of 51?
False
Does 32 divide 83616?
True
Does 12 divide 4994436?
True
Is 512787 a multiple of 41?
True
Is 512948 a multiple of 23?
False
Is 91103 a multiple of 43?
False
Does 192 divide 2331774?
False
Is 80 a factor of 3520?
True
Is 192654 a multiple of 139?
True
Does 844 divide 2189336?
True
Does 211 divide 845266?
True
Is 411801 a multiple of 61?
False
Is 14 a factor of 8795682?
True
Is 5111055 a multiple of 45?
True
Does 88 divide 12334?
False
Does 76 divide 33516?
True
Is 17 a factor of 1757384?
False
Does 154 divide 266359?
False
Is 4053 a multiple of 4?
False
Does 125 divide 3979875?
True
Is 102752 a multiple of 77?
False
Does 161 divide 1021545?
True
Does 13 divide 73151?
True
Does 11 divide 4026?
True
Is 113 a factor of 827951?
True
Is 49231 a multiple of 476?
False
Is 1065 a multiple of 3?
True
Is 85 a factor of 52591